{"id":2,"date":"2013-05-20T20:07:24","date_gmt":"2013-05-20T20:07:24","guid":{"rendered":"http:\/\/www.liouty.com\/?page_id=2"},"modified":"2021-04-17T14:19:02","modified_gmt":"2021-04-17T13:19:02","slug":"page-d-exemple","status":"publish","type":"page","link":"https:\/\/www.liouty.com\/","title":{"rendered":"G\u00eete Liouty"},"content":{"rendered":"<p>Liouty<\/p>\n<p>G\u00eete \/ Guest House &#8211; <span style=\"font-size: small;\"><em>Ouvert toute l&rsquo;ann\u00e9e \/ Open all year round<\/em><\/span><\/p>\n<p><strong>\n<div class=\"ngg-galleryoverview\" id=\"ngg-gallery-1-2\">\n\n\n\t\n\t<!-- Thumbnails -->\n\t\t\n\t<div id=\"ngg-image-14\" class=\"ngg-gallery-thumbnail-box\"  >\n\t\t<div class=\"ngg-gallery-thumbnail\" >\n\t\t\t<a href=\"https:\/\/www.liouty.com\/wp-content\/gallery\/slide-accueil_1\/mga_3315.jpg\" title=\"Notre chambre d\u2019h\u00f4tes se trouve au c\u0153ur du village de Ceyras dans l'H\u00e9rault...\" class=\"shutterset_set_1\" >\n\t\t\t\t\t\t\t\t<img loading=\"lazy\" decoding=\"async\" title=\"La Grande Chambre\" alt=\"La Grande Chambre\" src=\"https:\/\/www.liouty.com\/wp-content\/gallery\/slide-accueil_1\/thumbs\/thumbs_mga_3315.jpg\" width=\"100\" height=\"75\" \/>\n\t\t\t\t\t\t\t<\/a>\n\t\t<\/div>\n\t<\/div>\n\t\n\t\t\n \t\t\n\t<div id=\"ngg-image-15\" class=\"ngg-gallery-thumbnail-box\"  >\n\t\t<div class=\"ngg-gallery-thumbnail\" >\n\t\t\t<a href=\"https:\/\/www.liouty.com\/wp-content\/gallery\/slide-accueil_1\/mga_3322.jpg\" title=\"Notre chambre d\u2019h\u00f4tes se trouve au c\u0153ur du village de Ceyras dans l'H\u00e9rault...\" class=\"shutterset_set_1\" >\n\t\t\t\t\t\t\t\t<img loading=\"lazy\" decoding=\"async\" title=\"La Chambre Rose\" alt=\"La Chambre Rose\" src=\"https:\/\/www.liouty.com\/wp-content\/gallery\/slide-accueil_1\/thumbs\/thumbs_mga_3322.jpg\" width=\"100\" height=\"75\" \/>\n\t\t\t\t\t\t\t<\/a>\n\t\t<\/div>\n\t<\/div>\n\t\n\t\t\n \t\t\n\t<div id=\"ngg-image-16\" class=\"ngg-gallery-thumbnail-box\"  >\n\t\t<div class=\"ngg-gallery-thumbnail\" >\n\t\t\t<a href=\"https:\/\/www.liouty.com\/wp-content\/gallery\/slide-accueil_1\/mga_3337.jpg\" title=\"Notre chambre d\u2019h\u00f4tes se trouve au c\u0153ur du village de Ceyras dans l'H\u00e9rault...\" class=\"shutterset_set_1\" >\n\t\t\t\t\t\t\t\t<img loading=\"lazy\" decoding=\"async\" title=\"Vue sur la rivi\u00e8re\" alt=\"Vue sur la rivi\u00e8re\" src=\"https:\/\/www.liouty.com\/wp-content\/gallery\/slide-accueil_1\/thumbs\/thumbs_mga_3337.jpg\" width=\"100\" height=\"75\" \/>\n\t\t\t\t\t\t\t<\/a>\n\t\t<\/div>\n\t<\/div>\n\t\n\t\t\n \t\t\n\t<div id=\"ngg-image-17\" class=\"ngg-gallery-thumbnail-box\"  >\n\t\t<div class=\"ngg-gallery-thumbnail\" >\n\t\t\t<a href=\"https:\/\/www.liouty.com\/wp-content\/gallery\/slide-accueil_1\/mga_3347.jpg\" title=\"Notre chambre d\u2019h\u00f4tes se trouve au c\u0153ur du village de Ceyras dans l'H\u00e9rault...\" class=\"shutterset_set_1\" >\n\t\t\t\t\t\t\t\t<img loading=\"lazy\" decoding=\"async\" title=\"Salle de bains\" alt=\"Salle de bains\" src=\"https:\/\/www.liouty.com\/wp-content\/gallery\/slide-accueil_1\/thumbs\/thumbs_mga_3347.jpg\" width=\"100\" height=\"75\" \/>\n\t\t\t\t\t\t\t<\/a>\n\t\t<\/div>\n\t<\/div>\n\t\n\t\t\n \t\t\n\t<div id=\"ngg-image-18\" class=\"ngg-gallery-thumbnail-box\"  >\n\t\t<div class=\"ngg-gallery-thumbnail\" >\n\t\t\t<a href=\"https:\/\/www.liouty.com\/wp-content\/gallery\/slide-accueil_1\/mga_3360.jpg\" title=\"Notre chambre d\u2019h\u00f4tes se trouve au c\u0153ur du village de Ceyras dans l'H\u00e9rault...\" class=\"shutterset_set_1\" >\n\t\t\t\t\t\t\t\t<img loading=\"lazy\" decoding=\"async\" title=\"La Chambre Bleue\" alt=\"La Chambre Bleue\" src=\"https:\/\/www.liouty.com\/wp-content\/gallery\/slide-accueil_1\/thumbs\/thumbs_mga_3360.jpg\" width=\"100\" height=\"75\" \/>\n\t\t\t\t\t\t\t<\/a>\n\t\t<\/div>\n\t<\/div>\n\t\n\t\t\n \t\t\n\t<div id=\"ngg-image-19\" class=\"ngg-gallery-thumbnail-box\"  >\n\t\t<div class=\"ngg-gallery-thumbnail\" >\n\t\t\t<a href=\"https:\/\/www.liouty.com\/wp-content\/gallery\/slide-accueil_1\/mga_3377.jpg\" title=\"Notre chambre d\u2019h\u00f4tes se trouve au c\u0153ur du village de Ceyras dans l'H\u00e9rault...\" class=\"shutterset_set_1\" >\n\t\t\t\t\t\t\t\t<img loading=\"lazy\" decoding=\"async\" title=\"Cuisine\" alt=\"Cuisine\" src=\"https:\/\/www.liouty.com\/wp-content\/gallery\/slide-accueil_1\/thumbs\/thumbs_mga_3377.jpg\" width=\"100\" height=\"75\" \/>\n\t\t\t\t\t\t\t<\/a>\n\t\t<\/div>\n\t<\/div>\n\t\n\t\t\n \t\t\n\t<div id=\"ngg-image-20\" class=\"ngg-gallery-thumbnail-box\"  >\n\t\t<div class=\"ngg-gallery-thumbnail\" >\n\t\t\t<a href=\"https:\/\/www.liouty.com\/wp-content\/gallery\/slide-accueil_1\/mga_3396.jpg\" title=\"Notre chambre d\u2019h\u00f4tes se trouve au c\u0153ur du village de Ceyras dans l'H\u00e9rault...\" class=\"shutterset_set_1\" >\n\t\t\t\t\t\t\t\t<img loading=\"lazy\" decoding=\"async\" title=\"Salon\" alt=\"Salon\" src=\"https:\/\/www.liouty.com\/wp-content\/gallery\/slide-accueil_1\/thumbs\/thumbs_mga_3396.jpg\" width=\"100\" height=\"75\" \/>\n\t\t\t\t\t\t\t<\/a>\n\t\t<\/div>\n\t<\/div>\n\t\n\t\t\n \t\t\n\t<div id=\"ngg-image-21\" class=\"ngg-gallery-thumbnail-box\"  >\n\t\t<div class=\"ngg-gallery-thumbnail\" >\n\t\t\t<a href=\"https:\/\/www.liouty.com\/wp-content\/gallery\/slide-accueil_1\/mga_3410.jpg\" title=\"Notre chambre d\u2019h\u00f4tes se trouve au c\u0153ur du village de Ceyras dans l'H\u00e9rault...\" class=\"shutterset_set_1\" >\n\t\t\t\t\t\t\t\t<img loading=\"lazy\" decoding=\"async\" title=\"Patio\" alt=\"Patio\" src=\"https:\/\/www.liouty.com\/wp-content\/gallery\/slide-accueil_1\/thumbs\/thumbs_mga_3410.jpg\" width=\"100\" height=\"75\" \/>\n\t\t\t\t\t\t\t<\/a>\n\t\t<\/div>\n\t<\/div>\n\t\n\t\t\n \t\t\n\t<div id=\"ngg-image-22\" class=\"ngg-gallery-thumbnail-box\"  >\n\t\t<div class=\"ngg-gallery-thumbnail\" >\n\t\t\t<a href=\"https:\/\/www.liouty.com\/wp-content\/gallery\/slide-accueil_1\/mga_3417.jpg\" title=\"Notre chambre d\u2019h\u00f4tes se trouve au c\u0153ur du village de Ceyras dans l'H\u00e9rault...\" class=\"shutterset_set_1\" >\n\t\t\t\t\t\t\t\t<img loading=\"lazy\" decoding=\"async\" title=\"Ext\u00e9rieur\" alt=\"Ext\u00e9rieur\" src=\"https:\/\/www.liouty.com\/wp-content\/gallery\/slide-accueil_1\/thumbs\/thumbs_mga_3417.jpg\" width=\"100\" height=\"75\" \/>\n\t\t\t\t\t\t\t<\/a>\n\t\t<\/div>\n\t<\/div>\n\t\n\t\t\n \t\t\n\t<div id=\"ngg-image-23\" class=\"ngg-gallery-thumbnail-box\"  >\n\t\t<div class=\"ngg-gallery-thumbnail\" >\n\t\t\t<a href=\"https:\/\/www.liouty.com\/wp-content\/gallery\/slide-accueil_1\/mga_3431.jpg\" title=\"Notre chambre d\u2019h\u00f4tes se trouve au c\u0153ur du village de Ceyras dans l'H\u00e9rault...\" class=\"shutterset_set_1\" >\n\t\t\t\t\t\t\t\t<img loading=\"lazy\" decoding=\"async\" title=\"Vue sur la rivi\u00e8re\" alt=\"Vue sur la rivi\u00e8re\" src=\"https:\/\/www.liouty.com\/wp-content\/gallery\/slide-accueil_1\/thumbs\/thumbs_mga_3431.jpg\" width=\"100\" height=\"75\" \/>\n\t\t\t\t\t\t\t<\/a>\n\t\t<\/div>\n\t<\/div>\n\t\n\t\t\n \t\t\n\t<div id=\"ngg-image-24\" class=\"ngg-gallery-thumbnail-box\"  >\n\t\t<div class=\"ngg-gallery-thumbnail\" >\n\t\t\t<a href=\"https:\/\/www.liouty.com\/wp-content\/gallery\/slide-accueil_1\/mga_3438.jpg\" title=\"Notre chambre d\u2019h\u00f4tes se trouve au c\u0153ur du village de Ceyras dans l'H\u00e9rault...\" class=\"shutterset_set_1\" >\n\t\t\t\t\t\t\t\t<img loading=\"lazy\" decoding=\"async\" title=\"Vue sur la rivi\u00e8re\" alt=\"Vue sur la rivi\u00e8re\" src=\"https:\/\/www.liouty.com\/wp-content\/gallery\/slide-accueil_1\/thumbs\/thumbs_mga_3438.jpg\" width=\"100\" height=\"75\" \/>\n\t\t\t\t\t\t\t<\/a>\n\t\t<\/div>\n\t<\/div>\n\t\n\t\t\n \t \t\n\t<!-- Pagination -->\n \t<div class='ngg-clear'><\/div>\n \t\n<\/div>\n\n<\/strong><\/p>\n<h4><strong> G\u00eete Liouty\u00a0<\/strong><br \/><strong>Liouty Guest House<\/strong><\/h4>\n","protected":false},"excerpt":{"rendered":"<p>Liouty G\u00eete \/ Guest House &#8211; Ouvert toute l&rsquo;ann\u00e9e \/ Open all year round G\u00eete Liouty\u00a0Liouty Guest House<\/p>\n","protected":false},"author":1,"featured_media":0,"parent":0,"menu_order":0,"comment_status":"closed","ping_status":"closed","template":"","meta":{"footnotes":""},"_links":{"self":[{"href":"https:\/\/www.liouty.com\/index.php?rest_route=\/wp\/v2\/pages\/2"}],"collection":[{"href":"https:\/\/www.liouty.com\/index.php?rest_route=\/wp\/v2\/pages"}],"about":[{"href":"https:\/\/www.liouty.com\/index.php?rest_route=\/wp\/v2\/types\/page"}],"author":[{"embeddable":true,"href":"https:\/\/www.liouty.com\/index.php?rest_route=\/wp\/v2\/users\/1"}],"replies":[{"embeddable":true,"href":"https:\/\/www.liouty.com\/index.php?rest_route=%2Fwp%2Fv2%2Fcomments&post=2"}],"version-history":[{"count":44,"href":"https:\/\/www.liouty.com\/index.php?rest_route=\/wp\/v2\/pages\/2\/revisions"}],"predecessor-version":[{"id":68,"href":"https:\/\/www.liouty.com\/index.php?rest_route=\/wp\/v2\/pages\/2\/revisions\/68"}],"wp:attachment":[{"href":"https:\/\/www.liouty.com\/index.php?rest_route=%2Fwp%2Fv2%2Fmedia&parent=2"}],"curies":[{"name":"wp","href":"https:\/\/api.w.org\/{rel}","templated":true}]}}